{"id":16,"date":"2019-07-09T20:13:46","date_gmt":"2019-07-09T20:13:46","guid":{"rendered":"http:\/\/ratko-gali.de\/?page_id=16"},"modified":"2021-03-31T13:10:20","modified_gmt":"2021-03-31T11:10:20","slug":"ueber-die-malerei","status":"publish","type":"page","link":"https:\/\/ratko-gali.de\/?page_id=16","title":{"rendered":"\u00dcber die Malerei"},"content":{"rendered":"\n<p>Aufgrund der Bildidee geh\u00f6ren meine Arbeiten keiner speziellen Stilrichtung an . Die Art und Weise , wie Raum wiedergegeben wird , f\u00fchrt zu einer eigenen Bildsprache ,in welcher die vereinfachte klare Form , ein flacher Farbauftrag und die Trennung der einzelnen Formen die g\u00e4ngisten Merkmale sind . Hinzu kommt die Auffassung vom Bild als einer in sich geschlossener Welt mit eigenen Bedingungen . Die Autonomie von Farbe und Form , die Art , wie sie in Beziehungen zueinander gesetzt werden , geschichtete Fl\u00e4chen mit klaren Konturen frei von perspektivischer Illusion und neutralistischer Beleuchtung sind weitere Stilprinzipien , welche dem Bild einen eigenst\u00e4ndigen Ausdruck verleihen. Es existiert fast kein fest umrissenes Themengebiet , teils Geschehenes ,  teils Fiktives , gr\u00f6\u00dftenteils beim Malen assoziativ Erkanntes reiht sich beim Malproze\u00df aneinander und \u00fcbereinander bis zur endg\u00fcltigen Bildfindung . Das fertige Bild stellt dann auch eher eine Reflexion als eine ins Bild umgesetzte Theorie dar .Die technische Realisation erfolgt in der Anwendung schnell trocknender Pigmentfarben , welche mit Acryl oder Kasein angesetzt , eine breite Palette bildnerischer M\u00f6glichkeiten offen lassen .<\/p>\n\n\n\n<p>Ratko Gali<\/p>\n\n\n\n<p>\u2014\u2014\u2014\u2014\u2014\u2014\u2014\u2014\u2014\u2014\u2014\u2014\u2014\u2014\u2014<\/p>\n\n\n\n<p>Der Kontrast von Nat\u00fcrlichem und K\u00fcnstlichem, von Entstandenem und Geschaffenem erschlie\u00dft h\u00e4ufig das Themenfeld von Gebautem in Raum und Landschaft . Zum teil Fiktives, zum teil Gesehenes f\u00fchrt zu Gestaltungen analog den Formprinzipien der Natur, zu imagin\u00e4ren Welten mit Erinnerungen an das Gesehene. Aus Reduktionen entstehen geometrisch anmutende Fl\u00e4chen, Zeichen und Symbole, welche mit gegenst\u00e4ndlichen Bildteilen so kombiniert werden, dass ein Wechselspiel von statisch Konstruktivem und Dynamischem entsteht. Abstrakte Bildelemente drapieren sich im Umfeld gegenst\u00e4ndlicher R\u00e4umlichkeit. Frei von narrativer Verpflichtung er\u00f6ffnet der kontrastbetonte Farbchromatismus dem Betrachter eigene Bildwelten. Den Malproze\u00df bestimmen auch in erster Linie Reflektionen auf den nach und nach Bild annehmenden Farbauftrag und keine ins Bild umgesetzte Theorien.<\/p>\n\n\n\n<p>Ratko Gali 2020<\/p>\n","protected":false},"excerpt":{"rendered":"<p>Aufgrund der Bildidee geh\u00f6ren meine Arbeiten keiner speziellen Stilrichtung an . Die Art und Weise , wie Raum wiedergegeben wird , f\u00fchrt zu einer eigenen Bildsprache ,in welcher die vereinfachte klare Form , ein flacher Farbauftrag und die Trennung der einzelnen Formen die g\u00e4ngisten Merkmale sind . Hinzu kommt die Auffassung vom Bild als einer &hellip; <\/p>\n<p class=\"link-more\"><a href=\"https:\/\/ratko-gali.de\/?page_id=16\" class=\"more-link\"><span class=\"screen-reader-text\">\u201e\u00dcber die Malerei\u201c<\/span> weiterlesen<\/a><\/p>\n","protected":false},"author":1,"featured_media":0,"parent":0,"menu_order":0,"comment_status":"closed","ping_status":"closed","template":"","meta":{"footnotes":""},"class_list":["post-16","page","type-page","status-publish","hentry"],"_links":{"self":[{"href":"https:\/\/ratko-gali.de\/index.php?rest_route=\/wp\/v2\/pages\/16","targetHints":{"allow":["GET"]}}],"collection":[{"href":"https:\/\/ratko-gali.de\/index.php?rest_route=\/wp\/v2\/pages"}],"about":[{"href":"https:\/\/ratko-gali.de\/index.php?rest_route=\/wp\/v2\/types\/page"}],"author":[{"embeddable":true,"href":"https:\/\/ratko-gali.de\/index.php?rest_route=\/wp\/v2\/users\/1"}],"replies":[{"embeddable":true,"href":"https:\/\/ratko-gali.de\/index.php?rest_route=%2Fwp%2Fv2%2Fcomments&post=16"}],"version-history":[{"count":6,"href":"https:\/\/ratko-gali.de\/index.php?rest_route=\/wp\/v2\/pages\/16\/revisions"}],"predecessor-version":[{"id":721,"href":"https:\/\/ratko-gali.de\/index.php?rest_route=\/wp\/v2\/pages\/16\/revisions\/721"}],"wp:attachment":[{"href":"https:\/\/ratko-gali.de\/index.php?rest_route=%2Fwp%2Fv2%2Fmedia&parent=16"}],"curies":[{"name":"wp","href":"https:\/\/api.w.org\/{rel}","templated":true}]}}